.
2, 3, 7
Let h = 62031 + -36968. What are the prime factors of h?
71, 353
Suppose 0*n - 2*n = -6. Let k be (-27)/2 + n/2. Let v = k - -51. What are the prime factors of v?
3, 13
Let w(p) = -p**2 - 6*p - 8. Let n be w(-2). Suppose 19*r - 25691 + 3632 = n. List the prime factors of r.
3, 43
Let m = 1341 + -347. Suppose -4*v + 1952 = 2*r, m = r + 70*v - 74*v. What are the prime factors of r?
2, 491
Let v(f) = f**2 + 4*f + 1. Let l be v(5). Let n = l - 46. What are the prime factors of -1*(n - (135 - -4))*1?
139
Suppose h = 4, 8*m - 5*m = -2*h + 11. What are the prime factors of 807 + m + -6 + 3?
5, 7, 23
Let v(b) = 4*b**2 - 4*b - 18. Let d = -18 + 26. Let s be v(d). Suppose -32 = -7*q + s. What are the prime factors of q?
2, 17
Suppose 0 = -658*y + 639*y + 111929. List the prime factors of y.
43, 137
Let m(l) = -2*l - 16. Let b be m(-8). Suppose 4*a + b = 5*h - 4, 4*h = 4*a. List the prime factors of 4 + (112/4 - a).
2, 7
Suppose 2*n + 4*b - 6856 = -2*n, 4*b = 24. List the prime factors of n.
2, 7, 61
Suppose -24*w + 69*w - 113085 = 0. What are the prime factors of w?
7, 359
Let w(c) be the first derivative of -c**4/4 + 8*c**3/3 - 7*c**2 + 20*c + 20. List the prime factors of w(6).
2
Suppose -4*u + 39 = j, -3*u - 3*j = -24 + 6. Suppose -22*d + u*d + 6556 = 0. List the prime factors of d.
2, 149
Let t(u) = 13*u + 4. Let f be t(3). Let z = f + -40. Suppose -2*j + 63 = -3*v + 547, -v = z*j - 165. What are the prime factors of v?
2, 3
List the prime factors of 1776*1*264/18.
2, 11, 37
Let c(m) = -3*m + 41. Let v be c(12). Suppose b - 166 + 51 = -w, 0 = -v*w + 2*b + 561. What are the prime factors of w?
113
Let w(s) = s**3 - 8*s**2 - 21*s + 13. Let c be 14/(-18) - -1 - 124/(-9). What are the prime factors of w(c)?
5, 179
Let w(k) = -k**3 - 2*k**2 - 11*k - 7. List the prime factors of w(-5).
3, 41
Let q = 130 + -87. Let z be ((-192)/12 - 4)*-10. Suppose -39*h - z = -q*h. List the prime factors of h.
2, 5
Let l(y) = 2*y + 323. What are the prime factors of l(-70)?
3, 61
List the prime factors of (51680/2 - (-7 + 5))/((-24)/(-80)).
2, 5, 59, 73
Let r = 1591 - 1558. What are the prime factors of r?
3, 11
Let a be (-2 - (-2 + -1)) + 0 + 2. Suppose 5*g - 705 = 5*o, a*g - 27*o = -26*o + 415. List the prime factors of g.
137
Suppose 130 = 4*z - 58. Let n = z + -41. List the prime factors of n.
2, 3
Let p(j) = 2*j**2 + 13*j - 65. Let r be p(4). Suppose -3*g + r = -20. List the prime factors of g.
13
What are the prime factors of (-106772)/(-14) - (-29)/(406/6)?
29, 263
Let q = 370 + -308. Suppose 1303 = -61*c + q*c. What are the prime factors of c?
1303
Suppose 15625 + 7886 = 11*t - 70330. List the prime factors of t.
19, 449
Let r be (-13)/(-52) - (0 - (-22)/(-8)). What are the prime factors of -5 + (0 - r) + 1386?
2, 13, 53
Let v(s) = 3*s - 10. Suppose 5*u - 21 = x, 3*x + 10 = 5*u - 13. Let y be v(u). Let j(g) = 4*g**3 - 4*g**2 + 4*g + 2. List the prime factors of j(y).
2, 13
Let w(r) = 106*r**2 - 42*r + 175. What are the prime factors of w(5)?
5, 523
List the prime factors of (16167 + -3)/(72/48).
2, 3, 449
Suppose 20660 + 129020 = 8*m. Suppose -33*t + 77417 = m. What are the prime factors of t?
3, 593
Let k(d) = -206*d + 4523. What are the prime factors of k(-63)?
11, 37, 43
Let g = -937 + -210. Let u = g - -1788. List the prime factors of u.
641
Let g(n) = 32*n**3 - 17*n**2 - 13*n + 241. List the prime factors of g(7).
3, 47, 73
Let s be -1 - (-7 + 7 - 3). Suppose g = s*r + 459, 0 = -6*g + 7*g + 3*r - 434. List the prime factors of g.
449
Let j(x) = 123*x**2 - 9*x - 10. Let i be j(-1). Suppose -1023 = -2*v + 3*b, 5*b + 1155 = 2*v + i. List the prime factors of v.
2, 3, 7
Let a(o) = -329*o + 65. Let l be a(-19). What are the prime factors of l/7 + 194/(-679)?
2, 11, 41
Let z be -4 + (18 - 7) - -645. Let d = z - 222. List the prime factors of d.
2, 5, 43
Suppose -4*x - x = -10. Suppose 2776 = 4*t + 4*d, d + x*d = 3*t - 2058. What are the prime factors of t?
2, 3, 5, 23
List the prime factors of -2 - 6/(-12)*23978.
11987
Let w(r) = -r**2 - 10*r - 6. Let o be w(-13). Let p = o + 45. Suppose -5*d = 25, p = 3*c + 5*d - 9*d - 104. What are the prime factors of c?
2, 7
Let u(z) = -1339*z - 985. List the prime factors of u(-5).
2, 5, 571
Let z = 31570 - -50020. List the prime factors of z.
2, 5, 41, 199
Let g(f) = f - 7. Let h be g(7). Let t be 12/(-5)*(-7480)/33. Suppose 5*p - t = z, 4*p - z - 435 = -h*z. List the prime factors of p.
109
Let p(i) = i**2 + 7*i - 5. Let d be p(6). Let q = d - 9. Suppose 25 = 5*l, -q = -4*t - 5*l + l. What are the prime factors of t?
11
Let s(a) = 6*a**3 - 23*a**2 - 10*a + 12. Let p(o) = -5*o**3 + 23*o**2 + 9*o - 12. Let b(u) = -4*p(u) - 3*s(u). What are the prime factors of b(13)?
3, 7
Suppose -5792 = 12*v - 28*v. Let s = v - -1000. List the prime factors of s.
2, 3, 227
Suppose 4*m - 78 = 2*d, -2*m + 2*d + 19 = -3*d. Suppose -19*j - 9 = -m*j. Suppose 44 = -j*n + 323. List the prime factors of n.
3, 31
Suppose 4*b - 53 = -0*i + 5*i, 40 = 2*b + 2*i. Suppose -5*x + 3*m = b, 4*x - 3*m = -14 - 2. What are the prime factors of (x + 5 + -5)/(2/(-304))?
2, 19
Let p = -73 - -60. Let u = -39 - p. What are the prime factors of (u/(-39))/((-2)/(-711))?
3, 79
Let n(t) = 2*t - 15. Let g(d) = 2*d + 27. Let p(r) = 6*r + 53. Let c(y) = 7*g(y) - 3*p(y). Let f(h) = 3*c(h) + 5*n(h). List the prime factors of f(-16).
47
Let h(j) = 64*j**2 + 83*j + 872. List the prime factors of h(-9).
5309
Let h(q) = 1549*q**2 + 360*q + 10. What are the prime factors of h(5)?
5, 11, 67
Suppose 4*y - 118064 = 139*q - 141*q, -4*y - 4 = 0. What are the prime factors of q?
2, 3, 9839
Let f be (6 - 77/14)/(2/12). Suppose -f*z + l + 172 = 0, 2*z + l - 61 = 57. List the prime factors of z.
2, 29
Let r = 55336 - 10834. What are the prime factors of r?
2, 3, 7417
Let x(c) = -11*c**2 - 41*c - 16. Let h(k) = 5*k**2 + 20*k + 9. Let f(s) = -13*h(s) - 6*x(s). What are the prime factors of f(-16)?
3, 17
What are the prime factors of -19 + 99980*(-24)/(-60)?
71, 563
Suppose k + 4*s - 8838 = -k, -8790 = -2*k + 4*s. What are the prime factors of k?
3, 13, 113
Suppose -167 = -3*q - 4*k + 74, 4*q = 2*k + 314. Let n(j) = -4*j**3 + 24*j**2 - 8*j + 9. Let h be n(6). Let f = q - h. What are the prime factors of f?
2, 59
What are the prime factors of (21163000/(-400))/((-10)/8)?
2, 21163
Suppose p + 5*r - 11 = -1, 5*p - 4*r - 21 = 0. Suppose -a = p*a - 1428. Let o = a + -58. What are the prime factors of o?
2, 3, 5
Let q = -3916 - -8830. List the prime factors of (-2)/4 - q/(-12).
409
Suppose -19*f = -3*f + 2*f - 195624. What are the prime factors of f?
2, 11, 13, 19
Suppose 5*d - 78658 = 6*w, 0 = 3*d + 38*w - 42*w - 47194. What are the prime factors of d?
2, 7867
Suppose -39*x + 1321866 = -7*x + 31*x. What are the prime factors of x?
2, 3, 13, 269
Let u(a) = -3*a**2 + 152*a + 28. List the prime factors of u(20).
2, 467
Let q = -156 + 253. What are the prime factors of q?
97
Suppose -169450 = 8241*q - 8291*q. List the prime factors of q.
3389
Suppose -141456 = 1333*z - 1361*z. List the prime factors of z.
2, 3, 421
Suppose -513552 = -104*f + 150800. What are the prime factors of f?
2, 1597
Suppose -134*t + 104*t + 120 = 0. Suppose -z = 5*x - 3017 - 722, 0 = z - 4. List the prime factors of t*(2 + x/12).
257
Suppose 2*m - 3*o = 206 + 332, m + 4*o = 269. Let w = 498 - m. List the prime factors of w.
229
Suppose 50 = 4*c + 2*l, c - 1 = l + 7. Let r = c - 2. What are the prime factors of (-21)/(-14)*174/r?
29
Let v(z) = -z**2 + z + 6. Let a be v(6). Suppose -2528 = 41*l - 888. Let r = a - l. What are the prime factors of r?
2
Let z(y) = -381*y - 1754. List the prime factors of z(-21).
6247
Let r(u) = 87*u - 2. Let x be r(2). Suppose c = 3*s - x - 463, 2*s - 425 = -c. What are the prime factors of s?
2, 53
Let k(z) = 3*z**2 + z - 5. Suppose -4*y + 28 = -11*y. Let i be k(y). Let r = -2 + i. What are the prime factors of r?
37
Let j(r) be the third derivative of -r**5/60 + r**4/12 + 20*r**3/3 - 37*r**2. Let t be j(8). Let q(b) = -22*b + 29. What are the prime factors of q(t)?
5, 41
Let r(g) = 23620*g - 332. What are the prime factors of r(1)?
2, 41, 71
Suppose 4 = 11*h - 29. Suppose 3*r - 24 = -h*r. List the prime factors of 95/r - (-5)/20.
2, 3
Let u(n) = -25*n**3 - 4*n**2 - 3*n. Let p be u(-